{"id":247,"date":"2014-11-18T20:32:33","date_gmt":"2014-11-18T19:32:33","guid":{"rendered":"\/2015\/?page_id=247"},"modified":"2015-02-01T17:14:11","modified_gmt":"2015-02-01T16:14:11","slug":"stand-up","status":"publish","type":"page","link":"https:\/\/blindernuka.no\/2015\/stand-up\/","title":{"rendered":"StandUp-Slam"},"content":{"rendered":"<p><strong>Dato: L\u00f8rdag 14. februar<\/strong><\/p>\n<p><strong>Tid: 20:30\u00a0<\/strong><\/p>\n<p><strong>Sted: Revyscenen<\/strong><\/p>\n<p><strong>Inngang: 30,- i d\u00f8ra<\/strong><\/p>\n<p>&nbsp;<\/p>\n<p>Under Komikvelden l\u00f8rdag 14. februar kl. 20.30 k\u00e5rer vi UKAs beste Standup-slammer! Vi vet at det bugner av talenter blant studentene i Norge som ikke kan vente med \u00e5 vise frem det de kan. UKA p\u00e5 Blindern 2015 har som m\u00e5l \u00e5 fremme up-and-coming artister innenfor kultur-Oslo, og gjennom dette arrangementet \u00f8nsker vi nettopp dette for unge, lovende komikere og storyslammere.<\/p>\n<p>&nbsp;<\/p>\n<p>Gj\u00f8r deg klar for kronisk latterkrampe og bli med p\u00e5 Komikveld under UKA p\u00e5 Blindern 2015!<\/p>\n<p>&nbsp;<\/p>\n<p>&nbsp;<\/p>\n<p>&nbsp;<\/p>\n<p><strong><strong>\u00a0<\/strong><\/strong><\/p>\n","protected":false},"excerpt":{"rendered":"<p>Dato: L\u00f8rdag 14. februar Tid: 20:30\u00a0 Sted: Revyscenen Inngang: 30,- i d\u00f8ra &nbsp; Under Komikvelden l\u00f8rdag 14. februar kl. 20.30 k\u00e5rer vi UKAs beste Standup-slammer! Vi vet at det bugner av talenter blant studentene i Norge som ikke kan vente med \u00e5 vise frem det de kan. UKA p\u00e5 Blindern 2015 har som m\u00e5l \u00e5&#8230;  <a class=\"excerpt-read-more\" href=\"https:\/\/blindernuka.no\/2015\/stand-up\/\" title=\"Read StandUp-Slam\">Les mer &raquo;<\/a><\/p>\n","protected":false},"author":1,"featured_media":0,"parent":0,"menu_order":0,"comment_status":"closed","ping_status":"open","template":"","meta":[],"_links":{"self":[{"href":"https:\/\/blindernuka.no\/2015\/wp-json\/wp\/v2\/pages\/247"}],"collection":[{"href":"https:\/\/blindernuka.no\/2015\/wp-json\/wp\/v2\/pages"}],"about":[{"href":"https:\/\/blindernuka.no\/2015\/wp-json\/wp\/v2\/types\/page"}],"author":[{"embeddable":true,"href":"https:\/\/blindernuka.no\/2015\/wp-json\/wp\/v2\/users\/1"}],"replies":[{"embeddable":true,"href":"https:\/\/blindernuka.no\/2015\/wp-json\/wp\/v2\/comments?post=247"}],"version-history":[{"count":16,"href":"https:\/\/blindernuka.no\/2015\/wp-json\/wp\/v2\/pages\/247\/revisions"}],"predecessor-version":[{"id":913,"href":"https:\/\/blindernuka.no\/2015\/wp-json\/wp\/v2\/pages\/247\/revisions\/913"}],"wp:attachment":[{"href":"https:\/\/blindernuka.no\/2015\/wp-json\/wp\/v2\/media?parent=247"}],"curies":[{"name":"wp","href":"https:\/\/api.w.org\/{rel}","templated":true}]}}