{"id":48,"date":"2014-10-09T16:47:37","date_gmt":"2014-10-09T14:47:37","guid":{"rendered":"http:\/\/uka.vegard.me\/2015\/?page_id=48"},"modified":"2014-12-01T20:10:52","modified_gmt":"2014-12-01T19:10:52","slug":"kart","status":"publish","type":"page","link":"https:\/\/blindernuka.no\/2015\/kart\/","title":{"rendered":"Kart"},"content":{"rendered":"<div id=\"content\" class=\"content_no_middle\">\n<h1>Kart<\/h1>\n<div class=\"bs_article_text\">\n<p>UKA p\u00e5 Blindern blir arrangert p\u00e5 <a href=\"http:\/\/blindern-studenterhjem.no\/\">Blindern Studenterhjem<\/a> som ligger p\u00e5 Blindern i Oslo. Beliggenheten er i umiddelbar n\u00e6rhet til Universitetet i Oslo og dets adkomstmuligheter.<\/p>\n<h2>T-bane<\/h2>\n<p>T-banen er enkleste ankomstvei. Linje 3, 4 og 6 tar deg fra sentrum og rett til Blindern. G\u00e5 av p\u00e5 Blindern stasjon og g\u00e5 mot Universitetet i Oslo. Til venstre ligger Blindern Studenterhjem. Se detaljert kart og rute hos <a href=\"http:\/\/reiseplanlegger.ruter.no\/no\/Stoppested\/%283010360%29Blindern%20[T-bane]%20%28Oslo%29\">Ruter<\/a>.<\/p>\n<h2>Trikk<\/h2>\n<p>Trikkelinje 17 og 18 tar deg direkte til universitetsomr\u00e5det. G\u00e5 av p\u00e5 &laquo;Universitetet Blindern&raquo; og g\u00e5 gjennom universitetsomr\u00e5det og hold mot h\u00f8yre.\u00a0Se detaljert kart og rute hos\u00a0<a href=\"http:\/\/reiseplanlegger.ruter.no\/no\/Stoppested\/%283010365%29Universitetet%20Blindern\">Ruter<\/a>.<\/p>\n<h2><\/h2>\n<p><iframe loading=\"lazy\" src=\"http:\/\/maps.google.no\/maps?f=q&amp;source=s_q&amp;hl=no&amp;geocode=&amp;q=Blindern+Studenterhjem,+Oslo&amp;sll=59.939705,10.718805&amp;sspn=0.008841,0.00868&amp;g=Blindernveien+41,+0371+Oslo&amp;ie=UTF8&amp;hq=Blindern+Studenterhjem,&amp;hnear=Oslo&amp;ll=59.947102,10.721626&amp;spn=0.038686,0.10128&amp;z=13&amp;output=embed\" width=\"100%\" height=\"500\" scrolling=\"no\" marginwidth=\"0\" marginheight=\"0\" frameborder=\"0\"><\/iframe><\/p>\n<\/div>\n<article><\/article>\n<article><\/article>\n<\/div>\n","protected":false},"excerpt":{"rendered":"<p>Kart UKA p\u00e5 Blindern blir arrangert p\u00e5 Blindern Studenterhjem som ligger p\u00e5 Blindern i Oslo. Beliggenheten er i umiddelbar n\u00e6rhet til Universitetet i Oslo og dets adkomstmuligheter. T-bane T-banen er enkleste ankomstvei. Linje 3, 4 og 6 tar deg fra sentrum og rett til Blindern. G\u00e5 av p\u00e5 Blindern stasjon og g\u00e5 mot Universitetet i&#8230;  <a class=\"excerpt-read-more\" href=\"https:\/\/blindernuka.no\/2015\/kart\/\" title=\"Read Kart\">Les mer &raquo;<\/a><\/p>\n","protected":false},"author":1,"featured_media":0,"parent":0,"menu_order":0,"comment_status":"closed","ping_status":"open","template":"","meta":[],"_links":{"self":[{"href":"https:\/\/blindernuka.no\/2015\/wp-json\/wp\/v2\/pages\/48"}],"collection":[{"href":"https:\/\/blindernuka.no\/2015\/wp-json\/wp\/v2\/pages"}],"about":[{"href":"https:\/\/blindernuka.no\/2015\/wp-json\/wp\/v2\/types\/page"}],"author":[{"embeddable":true,"href":"https:\/\/blindernuka.no\/2015\/wp-json\/wp\/v2\/users\/1"}],"replies":[{"embeddable":true,"href":"https:\/\/blindernuka.no\/2015\/wp-json\/wp\/v2\/comments?post=48"}],"version-history":[{"count":5,"href":"https:\/\/blindernuka.no\/2015\/wp-json\/wp\/v2\/pages\/48\/revisions"}],"predecessor-version":[{"id":482,"href":"https:\/\/blindernuka.no\/2015\/wp-json\/wp\/v2\/pages\/48\/revisions\/482"}],"wp:attachment":[{"href":"https:\/\/blindernuka.no\/2015\/wp-json\/wp\/v2\/media?parent=48"}],"curies":[{"name":"wp","href":"https:\/\/api.w.org\/{rel}","templated":true}]}}