{"id":5,"date":"2014-10-08T19:39:40","date_gmt":"2014-10-08T17:39:40","guid":{"rendered":"http:\/\/uka.vegard.me\/2015\/?page_id=5"},"modified":"2015-02-12T13:43:38","modified_gmt":"2015-02-12T12:43:38","slug":"revy","status":"publish","type":"page","link":"https:\/\/blindernuka.no\/2015\/revy\/","title":{"rendered":"Revy"},"content":{"rendered":"<a href=\"http:\/\/blindernuka.no\/2015\/wp-content\/uploads\/2014\/10\/tiril_revyhilsen1.jpg\"><img loading=\"lazy\" class=\"alignleft size-medium wp-image-609\" src=\"http:\/\/blindernuka.no\/2015\/wp-content\/uploads\/2014\/10\/tiril_revyhilsen1-249x311.jpg\" alt=\"tiril_revyhilsen\" width=\"249\" height=\"311\" srcset=\"https:\/\/blindernuka.no\/2015\/wp-content\/uploads\/2014\/10\/tiril_revyhilsen1-249x311.jpg 249w, https:\/\/blindernuka.no\/2015\/wp-content\/uploads\/2014\/10\/tiril_revyhilsen1-689x861.jpg 689w, https:\/\/blindernuka.no\/2015\/wp-content\/uploads\/2014\/10\/tiril_revyhilsen1-367x459.jpg 367w, https:\/\/blindernuka.no\/2015\/wp-content\/uploads\/2014\/10\/tiril_revyhilsen1.jpg 1727w\" sizes=\"(max-width: 249px) 100vw, 249px\" \/><\/a>\n<p><b>Blindern Studenterhjem har med glede \u00e5 presentere Blindernrevyen 2015 \u00abJeg har aldri\u2026\u00bb.<\/b><\/p>\n<p>&nbsp;<\/p>\n<p>Etter en krevende, men fantastisk, produksjonsperiode, gleder v\u00e5re \u00e5tte herlige skuespillere seg veldig til \u00e5 st\u00e5 p\u00e5 scenen for nettopp deg! Blindernrevyen \u00abJeg har aldri\u2026\u00bb er nummer 38 i rekken av spektakul\u00e6re revyer som har blitt fremf\u00f8rt p\u00e5 revyscenen fra 1932 og frem til i dag.<\/p>\n<p><strong><strong>\u00a0<\/strong><\/strong><\/p>\n<ul>\n<li>\u00d8vingene har v\u00e6rt fulle av latter, d\u00e5rlige vitser, lange koreografi-sesjoner og intens tekst-skriving. Skuespillerne har gjennom mange lange kvelder f\u00e5tt pr\u00f8vd seg i forskjellige karakterer og testet egne grenser, b\u00e5de fysisk og psykisk.<\/li>\n<\/ul>\n<p>Hele veien har vi hatt instrukt\u00f8rene Fredrik S. N\u00e6ss og Joachim Selv\u00e5g med oss p\u00e5 laget. De har blant annet regissert STUDiOrevyen \u2018det perfekte vorshspiel\u2019 2014 for Teater Neuf, Ullernrevyen 2013 og Persbr\u00e5tenrevyen 2013. Begge har bachelor i drama og teaterkommunikasjon og driver aktivt med standup.<\/p>\n<p><strong><strong>\u00a0<\/strong><\/strong><\/p>\n<p>En revy er ikke komplett uten revybandet, som er ledet av kapellmester Simen Buodd. Revybandet inkluderer n\u00e5v\u00e6rende og Gamle Beboere. Hver kveld vil revyskuespillerne bli akkompagnert av en rekke dyktige musikere.<\/p>\n<p><strong><strong>\u00a0<\/strong><\/strong><\/p>\n<p>Det er ogs\u00e5 viktig \u00e5 nevne de som ikke er i rampelyset. I l\u00f8pet av produksjonsperioden, og bak scenen hver kveld st\u00e5r mange beboere p\u00e5 for \u00e5 s\u00f8rge for at sminken sitter godt, kostymene er perfekte og at rekvisitter og kulisser er p\u00e5 plass. Med andre ord, \u201ckeeps the show going\u201d.<\/p>\n<p><strong><strong>\u00a0<\/strong><\/strong><\/p>\n<p>Sist, men ikke minst har v\u00e5r tekniske gruppe, med Andreas Vinnelr\u00f8d i spissen, bygget en fantastisk ny scene og publikumspodi\u00e9. De s\u00f8rger ogs\u00e5 for at skuespillerne synes og h\u00f8res s\u00e5 godt som mulig.<\/p>\n<p><strong><strong>\u00a0<\/strong><\/strong><\/p>\n<p>Som dere ser er vi en stor gjeng som er involvert i revyen, og vi gleder oss alle samme til \u00e5 vise dere Blindernrevyen 2015. Revytittelen er ikke tilfeldig og er ikke ukjent for folk flest. Med revyen \u00abJeg har aldri\u2026\u00bb vil vi gi deg en helaften av urealiserte dr\u00f8mmer, selvbenektelser, innr\u00f8mmelser og erfaringer man helst skulle v\u00e6rt foruten.<\/p>\n<p>Gled deg til latter, t\u00e5rer og en god revy!<\/p>\n<p>&nbsp;<\/p>\n<p><a href=\"http:\/\/blindernuka.no\/billett\/eventgroup\/1\/revy\">Kj\u00f8p billetter her!<\/a><\/p>\n<p>&nbsp;<\/p>\n<p style=\"text-align: right;\">Med vennlig hilsen<\/p>\n<p style=\"text-align: right;\">Tiril Nord\u00e5s Sk\u00e5rdal<\/p>\n<p style=\"text-align: right;\">Revysjef<\/p>\n<p>&nbsp;<\/p>\n","protected":false},"excerpt":{"rendered":"<p>Blindern Studenterhjem har med glede \u00e5 presentere Blindernrevyen 2015 \u00abJeg har aldri\u2026\u00bb. &nbsp; Etter en krevende, men fantastisk, produksjonsperiode, gleder v\u00e5re \u00e5tte herlige skuespillere seg veldig til \u00e5 st\u00e5 p\u00e5 scenen for nettopp deg! Blindernrevyen \u00abJeg har aldri\u2026\u00bb er nummer 38 i rekken av spektakul\u00e6re revyer som har blitt fremf\u00f8rt p\u00e5 revyscenen fra 1932 og&#8230;  <a class=\"excerpt-read-more\" href=\"https:\/\/blindernuka.no\/2015\/revy\/\" title=\"Read Revy\">Les mer &raquo;<\/a><\/p>\n","protected":false},"author":1,"featured_media":0,"parent":0,"menu_order":0,"comment_status":"closed","ping_status":"open","template":"","meta":[],"_links":{"self":[{"href":"https:\/\/blindernuka.no\/2015\/wp-json\/wp\/v2\/pages\/5"}],"collection":[{"href":"https:\/\/blindernuka.no\/2015\/wp-json\/wp\/v2\/pages"}],"about":[{"href":"https:\/\/blindernuka.no\/2015\/wp-json\/wp\/v2\/types\/page"}],"author":[{"embeddable":true,"href":"https:\/\/blindernuka.no\/2015\/wp-json\/wp\/v2\/users\/1"}],"replies":[{"embeddable":true,"href":"https:\/\/blindernuka.no\/2015\/wp-json\/wp\/v2\/comments?post=5"}],"version-history":[{"count":32,"href":"https:\/\/blindernuka.no\/2015\/wp-json\/wp\/v2\/pages\/5\/revisions"}],"predecessor-version":[{"id":963,"href":"https:\/\/blindernuka.no\/2015\/wp-json\/wp\/v2\/pages\/5\/revisions\/963"}],"wp:attachment":[{"href":"https:\/\/blindernuka.no\/2015\/wp-json\/wp\/v2\/media?parent=5"}],"curies":[{"name":"wp","href":"https:\/\/api.w.org\/{rel}","templated":true}]}}