{"id":68,"date":"2014-10-09T16:50:08","date_gmt":"2014-10-09T14:50:08","guid":{"rendered":"http:\/\/uka.vegard.me\/2015\/?page_id=68"},"modified":"2014-12-05T12:15:22","modified_gmt":"2014-12-05T11:15:22","slug":"historie","status":"publish","type":"page","link":"https:\/\/blindernuka.no\/2015\/historie\/","title":{"rendered":"Historie"},"content":{"rendered":"<p>&nbsp;<\/p>\n<p>MiniUKA og UKA p\u00e5 Blindern stammer fra den tradisjonelle Blindernrevyen. I dag er miniUKA et tredagers-arrangement i midten av august hvert partalls\u00e5r, og en 10 dager lang festival i februar hvert oddetalls\u00e5r.<\/p>\n<a href=\"http:\/\/blindernuka.no\/2015\/wp-content\/uploads\/2014\/10\/bs_oversikt_gammelt.jpg\"><img loading=\"lazy\" class=\"alignleft size-full wp-image-162\" src=\"http:\/\/blindernuka.no\/2015\/wp-content\/uploads\/2014\/10\/bs_oversikt_gammelt.jpg\" alt=\"\" width=\"860\" height=\"196\" srcset=\"https:\/\/blindernuka.no\/2015\/wp-content\/uploads\/2014\/10\/bs_oversikt_gammelt.jpg 860w, https:\/\/blindernuka.no\/2015\/wp-content\/uploads\/2014\/10\/bs_oversikt_gammelt-300x68.jpg 300w\" sizes=\"(max-width: 860px) 100vw, 860px\" \/><\/a>\n<p>Blindernrevyen er gammel. Nesten like gammel som Studenterhjemmet. Det tok bare syv \u00e5r f\u00f8r noen pengelense studenter tok initiativet i 1932 og lagde den aller f\u00f8rste Blindernrevyen, Blindernrevyen 1932. Helt fra 1932 var Blindernrevyen mer enn en revy, p\u00e5f\u00f8lgende fest i kjelleren har alltid fulgt med, og i l\u00f8pet av de siste 78 \u00e5rene har alt vokst jevnt og trutt. Dette er bakgrunnen for at man skiftet navn og i 2003 arrangerte den f\u00f8rste UKA p\u00e5 Blindern.<\/p>\n<p>&nbsp;<\/p>\n<p>Revyen ble arrangert med ujevne mellomrom frem til krigen, og etter krigen har Blindern Studenterhjem blitt satt p\u00e5 hodet annenhvert \u00e5r. Eller rettere sagt; vi setter Blindern Studenterhjem p\u00e5 hodet. Dette er ikke noe passivt som bare skjer. UKA p\u00e5 Blindern ligger godt an til \u00e5 bli norgesmester i dugnad. Av 230 beboere, tar godt over 200 seg mer eller mindre fri fra studiene og eventuelle deltidsjobber for \u00e5 v\u00e6re med og gj\u00f8re UKA til Oslos beste fest. Det er vi beboere som skaper UKA! I 2015 for 38. gang.<\/p>\n<a href=\"http:\/\/blindernuka.no\/2015\/wp-content\/uploads\/2014\/10\/DSC_03701.jpg\"><img loading=\"lazy\" class=\"alignleft size-large wp-image-620\" src=\"http:\/\/blindernuka.no\/2015\/wp-content\/uploads\/2014\/10\/DSC_03701-689x461.jpg\" alt=\"DSC_0370\" width=\"689\" height=\"461\" srcset=\"https:\/\/blindernuka.no\/2015\/wp-content\/uploads\/2014\/10\/DSC_03701-689x461.jpg 689w, https:\/\/blindernuka.no\/2015\/wp-content\/uploads\/2014\/10\/DSC_03701-249x166.jpg 249w, https:\/\/blindernuka.no\/2015\/wp-content\/uploads\/2014\/10\/DSC_03701-685x459.jpg 685w\" sizes=\"(max-width: 689px) 100vw, 689px\" \/><\/a>\n<p>I UKA p\u00e5 Blindern 2015 er fremdeles revyen fundamentet. Etter auditions ble Blindern Studenterhjems beste revytalenter plukket ut, og vi kan love deg en fantastisk revy \u2013 men ogs\u00e5 mye mer. Kjelleren inneholder to konsertlokaler som vil bli brukt hver eneste kveld. Her vil st\u00f8rre headlinere, men ogs\u00e5 up-and-coming band underholde oss. Ellers har vi seks temabarer \u2013 alt fra den brune Ulka bar, via den nattklubbaktige UKE Spektrum, til den mer kulturelle og eksklusive Galleriet bar hvor man kan nyte en long drink. Alle vil finne noe som passer for sin smak, og til studentvennlige priser.<\/p>\n<p>&nbsp;<\/p>\n<div>\n<p>Som en UKEsjef i Trondheim en gang sa p\u00e5 et Blindernnach: \u201cUKA i Trondheim er Norges st\u00f8rste kulturfestival, UKA p\u00e5 Blindern er Norges st\u00f8rste hjemme-alene-fest, og det siste er j\u00e6vlig mye morsommere!\u201d Bes\u00f8k UKA p\u00e5 Blindern og ta del i Norges mest intime festival og st\u00f8rste fest!<\/p>\n<\/div>\n","protected":false},"excerpt":{"rendered":"<p>&nbsp; MiniUKA og UKA p\u00e5 Blindern stammer fra den tradisjonelle Blindernrevyen. I dag er miniUKA et tredagers-arrangement i midten av august hvert partalls\u00e5r, og en 10 dager lang festival i februar hvert oddetalls\u00e5r. Blindernrevyen er gammel. Nesten like gammel som Studenterhjemmet. Det tok bare syv \u00e5r f\u00f8r noen pengelense studenter tok initiativet i 1932 og&#8230;  <a class=\"excerpt-read-more\" href=\"https:\/\/blindernuka.no\/2015\/historie\/\" title=\"Read Historie\">Les mer &raquo;<\/a><\/p>\n","protected":false},"author":1,"featured_media":0,"parent":0,"menu_order":0,"comment_status":"closed","ping_status":"open","template":"","meta":[],"_links":{"self":[{"href":"https:\/\/blindernuka.no\/2015\/wp-json\/wp\/v2\/pages\/68"}],"collection":[{"href":"https:\/\/blindernuka.no\/2015\/wp-json\/wp\/v2\/pages"}],"about":[{"href":"https:\/\/blindernuka.no\/2015\/wp-json\/wp\/v2\/types\/page"}],"author":[{"embeddable":true,"href":"https:\/\/blindernuka.no\/2015\/wp-json\/wp\/v2\/users\/1"}],"replies":[{"embeddable":true,"href":"https:\/\/blindernuka.no\/2015\/wp-json\/wp\/v2\/comments?post=68"}],"version-history":[{"count":9,"href":"https:\/\/blindernuka.no\/2015\/wp-json\/wp\/v2\/pages\/68\/revisions"}],"predecessor-version":[{"id":621,"href":"https:\/\/blindernuka.no\/2015\/wp-json\/wp\/v2\/pages\/68\/revisions\/621"}],"wp:attachment":[{"href":"https:\/\/blindernuka.no\/2015\/wp-json\/wp\/v2\/media?parent=68"}],"curies":[{"name":"wp","href":"https:\/\/api.w.org\/{rel}","templated":true}]}}