{"id":70,"date":"2014-10-09T16:50:18","date_gmt":"2014-10-09T14:50:18","guid":{"rendered":"http:\/\/uka.vegard.me\/2015\/?page_id=70"},"modified":"2017-02-10T13:18:53","modified_gmt":"2017-02-10T12:18:53","slug":"ukestyret","status":"publish","type":"page","link":"https:\/\/blindernuka.no\/2015\/ukestyret\/","title":{"rendered":"Ukestyret"},"content":{"rendered":"<p>&nbsp;<\/p>\n<div id=\"attachment_472\" style=\"width: 772px\" class=\"wp-caption alignnone\"><a href=\"\/2015\/wp-content\/uploads\/2014\/12\/DSC_0874.jpg\"><img aria-describedby=\"caption-attachment-472\" loading=\"lazy\" class=\"wp-image-472 size-full\" src=\"\/2015\/wp-content\/uploads\/2014\/12\/DSC_0874.jpg\" alt=\"DSC_0874\" width=\"762\" height=\"510\" srcset=\"https:\/\/blindernuka.no\/2015\/wp-content\/uploads\/2014\/12\/DSC_0874.jpg 762w, https:\/\/blindernuka.no\/2015\/wp-content\/uploads\/2014\/12\/DSC_0874-300x200.jpg 300w\" sizes=\"(max-width: 762px) 100vw, 762px\" \/><\/a><p id=\"caption-attachment-472\" class=\"wp-caption-text\">Bak f.v.: Revysjef Tiril, \u00f8konomisjef G\u00f8ran, markedssjef Marius, UKEsjef Anna. Foran f.v: Pressesjef Ingebj\u00f8rg, Kjellermester Christian, Teknisk sjef Andreas, arrangementsjef Janne<\/p><\/div>\n<ul>\n<li style=\"list-style-type: none;\">\n<ul>\n<li>UKEsjef<\/li>\n<li><strong>Anna N\u00f8kland<\/strong>\n<ul>\n<li><\/li>\n<li>Revysjef<\/li>\n<li><strong>Tiril Nord\u00e5s Sk\u00e5rdal<\/strong>\n<ul>\n<li><\/li>\n<li><\/li>\n<li>Pressesjef<\/li>\n<li><strong>Ingebj\u00f8rg Blomlie M\u00fcller<\/strong><\/li>\n<\/ul>\n<ul>\n<li><\/li>\n<li><\/li>\n<li><\/li>\n<li>Arrangementssjef<\/li>\n<li><\/li>\n<li><\/li>\n<li><strong>Janne Kirkerud Jacobsen<\/strong>\n<ul>\n<li><\/li>\n<li><\/li>\n<li><\/li>\n<li><\/li>\n<li><\/li>\n<li>Markedssjef<\/li>\n<li><\/li>\n<li><\/li>\n<li><strong>Marius S\u00f8nsteby<\/strong>\n<ul>\n<li><\/li>\n<li><\/li>\n<li><\/li>\n<li>\u00d8konomisjef<\/li>\n<li><\/li>\n<li><\/li>\n<li><strong>G\u00f8ran Svaland<\/strong>\n<ul>\n<li><\/li>\n<li><\/li>\n<li><\/li>\n<li>Teknisk ansvarlig<\/li>\n<li><\/li>\n<li><\/li>\n<li><strong>Andreas Vinnelr\u00f8d<\/strong>\n<ul>\n<li>Kjellermester<\/li>\n<li><strong>Christian Martin Samuelsen<\/strong><\/li>\n<\/ul>\n<\/li>\n<\/ul>\n<\/li>\n<\/ul>\n<\/li>\n<\/ul>\n<\/li>\n<\/ul>\n<\/li>\n<\/ul>\n<\/li>\n<\/ul>\n<\/li>\n<li><\/li>\n<li style=\"text-align: right;\"><\/li>\n<\/ul>\n","protected":false},"excerpt":{"rendered":"<p>&nbsp; UKEsjef Anna N\u00f8kland Revysjef Tiril Nord\u00e5s Sk\u00e5rdal Pressesjef Ingebj\u00f8rg Blomlie M\u00fcller Arrangementssjef Janne Kirkerud Jacobsen Markedssjef Marius S\u00f8nsteby \u00d8konomisjef G\u00f8ran Svaland Teknisk ansvarlig Andreas Vinnelr\u00f8d Kjellermester Christian Martin Samuelsen<\/p>\n","protected":false},"author":1,"featured_media":0,"parent":0,"menu_order":0,"comment_status":"closed","ping_status":"open","template":"","meta":[],"_links":{"self":[{"href":"https:\/\/blindernuka.no\/2015\/wp-json\/wp\/v2\/pages\/70"}],"collection":[{"href":"https:\/\/blindernuka.no\/2015\/wp-json\/wp\/v2\/pages"}],"about":[{"href":"https:\/\/blindernuka.no\/2015\/wp-json\/wp\/v2\/types\/page"}],"author":[{"embeddable":true,"href":"https:\/\/blindernuka.no\/2015\/wp-json\/wp\/v2\/users\/1"}],"replies":[{"embeddable":true,"href":"https:\/\/blindernuka.no\/2015\/wp-json\/wp\/v2\/comments?post=70"}],"version-history":[{"count":16,"href":"https:\/\/blindernuka.no\/2015\/wp-json\/wp\/v2\/pages\/70\/revisions"}],"predecessor-version":[{"id":984,"href":"https:\/\/blindernuka.no\/2015\/wp-json\/wp\/v2\/pages\/70\/revisions\/984"}],"wp:attachment":[{"href":"https:\/\/blindernuka.no\/2015\/wp-json\/wp\/v2\/media?parent=70"}],"curies":[{"name":"wp","href":"https:\/\/api.w.org\/{rel}","templated":true}]}}