{"id":710,"date":"2015-01-18T15:52:41","date_gmt":"2015-01-18T14:52:41","guid":{"rendered":"http:\/\/blindernuka.no\/2015\/?page_id=710"},"modified":"2015-01-29T15:39:10","modified_gmt":"2015-01-29T14:39:10","slug":"faq","status":"publish","type":"page","link":"https:\/\/blindernuka.no\/2015\/faq\/","title":{"rendered":"FAQ"},"content":{"rendered":"<p><b>PRAKTISK INFORMASJON<\/b><\/p>\n<p><strong><strong>\u00a0<\/strong><\/strong><\/p>\n<p><b>Er UKA p\u00e5 Blindern bare for studenter ved UiO?<\/b><\/p>\n<p>Nei. Alle studenter i Oslo er velkomne til UKA p\u00e5 Blindern. Du vil mest sannsynlig ogs\u00e5 m\u00f8te p\u00e5 noen fra din egen skole som jobber med UKA. Blindern Studenterhjem huser nemlig studenter fra omtrent alle utdanningsinstitusjoner i Oslo.<\/p>\n<p><strong><strong>\u00a0<\/strong><\/strong><\/p>\n<p><strong>UKA Spektrum, hvor er det?<\/strong><\/p>\n<p>UKA Spektrum er v\u00e5r kj\u00e6re gymsal, vegg-i-vegg med Billa Bar. For anledningen er den totalforandret til en konsertarena med uventede proposisjoner. Lokalet tar oppimot 200 bes\u00f8kende.\u00a0\u00c5 spille under UKA er noe helt spesielt. Under konsertene bidrar den intime settingen i UKA Spektrum til en elektrisk opplevelse hvor publikum sitter igjen med ektef\u00f8lte liveopptredener. Bak UKA Spektrum ligger det flerfoldige arbeidstimer for \u00e5 forvandle en alminnelig gymsal til en, ydmykt forklart, storslagen konsertscene. Det er med glede vi inviterer alle til konserter i UKA Spektrum i kjelleren p\u00e5 Blindern Studenterhjem.<\/p>\n<p>&nbsp;<\/p>\n<p><b>Hvor mye koster det \u00e5 bes\u00f8ke UKA?<\/b><\/p>\n<p>\u00c5 bes\u00f8ke UKA er helt GRATIS. Alle barer, samt konserter og arrangementer som foreg\u00e5r i Ulka Bar og Billa Bar har fri inngang. Dette gjelder ogs\u00e5 foredrag, et par konserter og alle DJ\u2019s p\u00e5 hovedscenen. For Blindernrevyen og det \u00f8vrige konserttilbudet p\u00e5 hovedscenen m\u00e5 man l\u00f8se billett. Billetter er tilgjengelig p\u00e5 v\u00e5re nettsider til sv\u00e6rt studentvennlige priser.<\/p>\n<p><strong>Hvor kj\u00f8per jeg billetter?<\/strong><\/p>\n<p>Til brorparten av konsertene i UKA Spektrum, samt til Blindernrevyen, kan man kj\u00f8pe billetter b\u00e5de p\u00e5 nett, og i d\u00f8ra. Vi anbefaler alle \u00e5 kj\u00f8pe billettene p\u00e5 forh\u00e5nd for \u00e5 unng\u00e5 k\u00f8 og f\u00e5 en best mulig festivalopplevelse.<\/p>\n<p>&nbsp;<\/p>\n<p>P\u00e5 v\u00e5r <a href=\"http:\/\/blindernuka.no\/2015\/program\/\">programside<\/a>\u00a0vil du til h\u00f8yre for hver programpost kunne se om det er &laquo;Fri inngang&raquo;, og om arrangementet har inngangspris f\u00e5r du alternativet:\u00a0&laquo;kj\u00f8p billett&raquo;. Ved \u00e5 klikke p\u00e5 &laquo;kj\u00f8p billett&raquo; ved siden av en konsert blir du videresendt til billettsystemet v\u00e5rt med mer informasjon om pris og framgangsmetode.<\/p>\n<p><strong><strong>\u00a0<\/strong><\/strong><\/p>\n<p><b>Hvilket billettsystem benytter UKA? <\/b><b><br \/>\n<\/b>Billettsystemet vi benytter er utviklet spesielt til UKA av informatikkstudenten og ildsjelen Henrik Steen. Betalingssystem leveres av DIBS.<\/p>\n<p><strong><strong>\u00a0<\/strong><\/strong><\/p>\n<p><b>Jeg f\u00e5r feilmelding n\u00e5r jeg pr\u00f8ver \u00e5 kj\u00f8pe billett!<\/b><\/p>\n<p>Dersom man f\u00e5r feilmelding kan man fors\u00f8ke \u00e5 bytte nettleser. Hvis dette ikke hjelper, send en mail til: billett@blindernuka.no<\/p>\n<p>&nbsp;<\/p>\n<p><strong><strong>\u00a0<\/strong><\/strong><\/p>\n<p><b><img loading=\"lazy\" class=\"alignleft wp-image-799\" src=\"http:\/\/blindernuka.no\/2015\/wp-content\/uploads\/2015\/01\/10936612_10155062078475198_297313680_o.jpg\" alt=\"10936612_10155062078475198_297313680_o\" width=\"270\" height=\"288\" srcset=\"https:\/\/blindernuka.no\/2015\/wp-content\/uploads\/2015\/01\/10936612_10155062078475198_297313680_o.jpg 1923w, https:\/\/blindernuka.no\/2015\/wp-content\/uploads\/2015\/01\/10936612_10155062078475198_297313680_o-249x265.jpg 249w, https:\/\/blindernuka.no\/2015\/wp-content\/uploads\/2015\/01\/10936612_10155062078475198_297313680_o-689x733.jpg 689w, https:\/\/blindernuka.no\/2015\/wp-content\/uploads\/2015\/01\/10936612_10155062078475198_297313680_o-430x459.jpg 430w\" sizes=\"(max-width: 270px) 100vw, 270px\" \/>Hvordan kommer jeg meg dit?<\/b><\/p>\n<p>UKA p\u00e5 Blindern er p\u00e5 Blindern Studenterhjem, som ligger rett ved UiO. Letteste adkomst er via kollektiv transport (se kart):<\/p>\n<p><strong><strong>\u00a0<\/strong><\/strong><\/p>\n<p><strong>Tbane:<\/strong> linje 3\/ 4 Sinsen eller Linje 6 Sognsvann, mot vest, stoppested: Blindern<\/p>\n<p><strong><strong>\u00a0<\/strong><\/strong><\/p>\n<p><strong>Trikk:<\/strong> Linje 17\/18 Rikshospitalet, stoppested: Universitetet Blindern (g\u00e5 gjennom universitetsomr\u00e5det, via Frederikkeplassen, og rundt hj\u00f8rnet mot Bunnpris.)<\/p>\n<p><strong><strong>\u00a0<\/strong><\/strong><\/p>\n<p><b>Hvor finner jeg vann?<\/b><\/p>\n<p>Alle barer vil servere gratis vann, men hvis du vil unng\u00e5 k\u00f8, eller f\u00e5 et lite pusterom samtidig, s\u00e5 kan du bes\u00f8ke Vannbaren i kjelleretasjen.<\/p>\n<p><strong><strong>\u00a0<\/strong><\/strong><\/p>\n<p><b>Er det garderobe?<\/b><\/p>\n<p>Ja! Betjent garderobe finner du i \u00a02. etasje p\u00e5 Blindern Studenterhjem, og her kan du henge fra deg jakke og veske for kun 20 kr.<\/p>\n<p><strong><strong>\u00a0<\/strong><\/strong><\/p>\n<p><b>Hvor er toalettet?<\/b><\/p>\n<p>I festivalkjelleren vil du finne det sagnomsuste unisex-toalettet. Med et rufsete stemt piano er det ingen grunn til \u00e5 st\u00e5 i den lange k\u00f8en til det mer synlig merkede toalettet vegg-i-vegg. Dette er stedet for herlig allsang i alle tonearter!<\/p>\n<p><strong><strong>\u00a0<\/strong><\/strong><\/p>\n<p><b>Er det lov med medbrakt?<\/b><\/p>\n<p>Nei, hele UKA p\u00e5 Blindern opererer med skjenkebevilling og servering. Medbrakt ikke tillatt.<\/p>\n<p><strong><strong>\u00a0<\/strong><\/strong><\/p>\n<p><b>Hva er aldersgrensen?<\/b><\/p>\n<p>Alle arrangementer i forbindelse med UKA p\u00e5 Blindern har 18 \u00e5rs aldersgrense. Grunnen er enkel: Det vil foreg\u00e5 alkoholsalg. Unntaket for regelen er Galleriet bar. Her vil det v\u00e6re 20 \u00e5rs aldersgrense.Barn under 18 \u00e5r er velkomne i f\u00f8lge med foresatte.<\/p>\n<p>&nbsp;<\/p>\n<p><strong>Hvilke betalingsmidler aksepteres?<\/strong><\/p>\n<p>Betalingsmidler som man kan bruke er (kort\/BanAxept)+ cash)<\/p>\n<p>&nbsp;<\/p>\n<p>&nbsp;<\/p>\n<p><b>OM UKA<\/b><\/p>\n<p><strong><strong>\u00a0<\/strong><\/strong><\/p>\n<p><b>Hvorfor st\u00e5r det no. 38 bak Blindernrevyen?<\/b><\/p>\n<p>UKA p\u00e5 Blindern springer ut fra det tradisjonsrike arrangementet Blindernrevyen, som har blitt arrangert med ujevne mellomrom fra 1932, og annet hvert \u00e5r fra 1961. Tradisjonen st\u00e5r fremdeles ved lag, og i 2015 blir Blindernrevyen no.38 \u00e5 beskue i all sin prakt i peisestuen, som for anledningen blir omdannet til en revyscene med sitteplasser til nesten 200 publikummere.<\/p>\n<p><strong><strong>\u00a0<\/strong><\/strong><\/p>\n<p><b>Hvorfor er UKA p\u00e5 Blindern Studenterhjem?<\/b><br \/>\nUKA p\u00e5 Blindern er en videref\u00f8ring av arrangementet Blindernrevyen som startet opp i 1931. P\u00e5 90-tallet ble UKA p\u00e5 Blindern inkludert i et nettverk med <a href=\"http:\/\/no.wikipedia.org\/wiki\/UKA\">UKA<\/a> i Trondheim, <a href=\"http:\/\/no.wikipedia.org\/wiki\/UKEN\">UKEN i Bergen<\/a> og <a href=\"http:\/\/no.wikipedia.org\/wiki\/UKA_i_%C3%85s\">UKA i \u00c5s<\/a> &#8211; de fire <a href=\"http:\/\/no.wikipedia.org\/wiki\/Studentuke\">studentukene<\/a> med lengst tradisjoner her til lands. Arrangementet hadde lenge v\u00e6rt mer enn \u201cbare\u201d studentrevy. Foredrag, konserter og ikke minst husfest var ogs\u00e5 faste ingredienser. I 2003 skiftet arrangementet navn til UKA p\u00e5 Blindern.<\/p>\n<p><strong><strong>\u00a0<\/strong><\/strong><\/p>\n<p><b>Hvem arrangerer UKA p\u00e5 Blindern?<\/b><\/p>\n<p>UKA p\u00e5 Blindern lages og drives av de 220 beboerne p\u00e5 Studenterhjemmet. Herav slagordet; Norges st\u00f8rste hjemme-alene-festival! I beboermassen finnes representanter fra omtrent alle utdanningsinstitusjoner i Oslo. Ca. 60% av beboerne er UiO-studenter, ca. 20 % fra HiOA, 10% fra BI, og de resterende fra H\u00f8yskolen Campus Kristiania, Bj\u00f8rknes, Norges Kreative H\u00f8gskole og andre institusjoner.<\/p>\n<p><strong><strong>\u00a0<\/strong><\/strong><\/p>\n<p><b>Hvem kan jeg m\u00f8te der?<\/b><\/p>\n<p><strong>Studenter fra alle studieretninger i hele Oslo og omegn!<\/strong><\/p>\n","protected":false},"excerpt":{"rendered":"<p>PRAKTISK INFORMASJON \u00a0 Er UKA p\u00e5 Blindern bare for studenter ved UiO? Nei. Alle studenter i Oslo er velkomne til UKA p\u00e5 Blindern. Du vil mest sannsynlig ogs\u00e5 m\u00f8te p\u00e5 noen fra din egen skole som jobber med UKA. Blindern Studenterhjem huser nemlig studenter fra omtrent alle utdanningsinstitusjoner i Oslo. \u00a0 UKA Spektrum, hvor er&#8230;  <a class=\"excerpt-read-more\" href=\"https:\/\/blindernuka.no\/2015\/faq\/\" title=\"Read FAQ\">Les mer &raquo;<\/a><\/p>\n","protected":false},"author":2,"featured_media":0,"parent":0,"menu_order":0,"comment_status":"closed","ping_status":"open","template":"","meta":[],"_links":{"self":[{"href":"https:\/\/blindernuka.no\/2015\/wp-json\/wp\/v2\/pages\/710"}],"collection":[{"href":"https:\/\/blindernuka.no\/2015\/wp-json\/wp\/v2\/pages"}],"about":[{"href":"https:\/\/blindernuka.no\/2015\/wp-json\/wp\/v2\/types\/page"}],"author":[{"embeddable":true,"href":"https:\/\/blindernuka.no\/2015\/wp-json\/wp\/v2\/users\/2"}],"replies":[{"embeddable":true,"href":"https:\/\/blindernuka.no\/2015\/wp-json\/wp\/v2\/comments?post=710"}],"version-history":[{"count":8,"href":"https:\/\/blindernuka.no\/2015\/wp-json\/wp\/v2\/pages\/710\/revisions"}],"predecessor-version":[{"id":853,"href":"https:\/\/blindernuka.no\/2015\/wp-json\/wp\/v2\/pages\/710\/revisions\/853"}],"wp:attachment":[{"href":"https:\/\/blindernuka.no\/2015\/wp-json\/wp\/v2\/media?parent=710"}],"curies":[{"name":"wp","href":"https:\/\/api.w.org\/{rel}","templated":true}]}}