{"id":831,"date":"2015-01-26T21:18:06","date_gmt":"2015-01-26T20:18:06","guid":{"rendered":"http:\/\/blindernuka.no\/2015\/?page_id=831"},"modified":"2015-01-26T21:18:06","modified_gmt":"2015-01-26T20:18:06","slug":"foredrag","status":"publish","type":"page","link":"https:\/\/blindernuka.no\/2015\/foredrag\/","title":{"rendered":"Foredrag"},"content":{"rendered":"<ol>\n<li>\n<ol>\n<li><strong><a href=\"http:\/\/blindernuka.no\/2015\/wp-content\/uploads\/2015\/01\/capgemini_www.jpg\"><img loading=\"lazy\" class=\"alignleft wp-image-823\" src=\"http:\/\/blindernuka.no\/2015\/wp-content\/uploads\/2015\/01\/capgemini_www.jpg\" alt=\"capgemini_www\" width=\"206\" height=\"152\" srcset=\"https:\/\/blindernuka.no\/2015\/wp-content\/uploads\/2015\/01\/capgemini_www.jpg 488w, https:\/\/blindernuka.no\/2015\/wp-content\/uploads\/2015\/01\/capgemini_www-249x183.jpg 249w\" sizes=\"(max-width: 206px) 100vw, 206px\" \/><\/a>CAPGEMINI<\/strong><\/li>\n<\/ol>\n<p><strong>Dato: Fredag 13. februar<\/strong><\/p>\n<p><strong>Tid: 18:00<\/strong><\/p>\n<p><strong>Sted: Revyscenen<\/strong><\/p>\n<p><strong>Fri inngang<\/strong><\/p>\n<p><strong><strong>\u00a0<\/strong><\/strong><\/p>\n<p>Fredag 13. februar kl. 1800 kommer to representanter fra Capgemini, et av verdens ledende Consulting-, IT-og Outsourcing-selskaper, for \u00e5 holde foredrag under Teknisk-Matematisk Aften. Her vil de g\u00e5 litt dypere inn i hva organisasjonen Capgemini er og hva de driver med samt at de vil ta for seg en ny metode: Salesforce.<\/li>\n<\/ol>\n<p>&nbsp;<\/p>\n<p><strong>J<a href=\"http:\/\/blindernuka.no\/2015\/wp-content\/uploads\/2015\/01\/jo-r\u00f8islien-test.jpg\"><img loading=\"lazy\" class=\"alignleft wp-image-818\" src=\"http:\/\/blindernuka.no\/2015\/wp-content\/uploads\/2015\/01\/jo-r\u00f8islien-test.jpg\" alt=\"jo r\u00f8islien test\" width=\"200\" height=\"159\" srcset=\"https:\/\/blindernuka.no\/2015\/wp-content\/uploads\/2015\/01\/jo-r\u00f8islien-test.jpg 359w, https:\/\/blindernuka.no\/2015\/wp-content\/uploads\/2015\/01\/jo-r\u00f8islien-test-249x198.jpg 249w\" sizes=\"(max-width: 200px) 100vw, 200px\" \/><\/a>O R\u00d8ISLIEN<\/strong><\/p>\n<p>&nbsp;<\/p>\n<p><strong>Dato: Fredag 13. februar<\/strong><\/p>\n<p><strong>Tid: 18:30<\/strong><\/p>\n<p><strong>Sted: Revyscenen<\/strong><\/p>\n<p><strong>Fri inngang<\/strong><\/p>\n<p><strong><strong>\u00a0<\/strong><\/strong><\/p>\n<p>Jo R\u00f8islien er forsker, tenker og biostatistiker. Han har en doktorgrad i statistikk fra NTNU, og er involvert i flere ulike forskningsprosjekter, b\u00e5de som forsker og statistisk r\u00e5dgiver.\u00a0Han har v\u00e6rt med \u00e5 lage og jobbet som programleder for matematikk-infotainment serien \u201cSiffer\u201d p\u00e5 NRK1, og h\u00f8sten 2012 ble han, som f\u00f8rste nordmann noensinne, programleder p\u00e5 Discovery Channel!\u00a0Fredag 13. februar kl. 1830 vil Jo R\u00f8islien bes\u00f8ke UKA p\u00e5 Blindern under temadagen <i>Teknisk-Matematisk Aften<\/i>. Her vil han holde foredraget\u00a0<strong>\u201cVi er alle matematikere\u201d.<\/strong> Dette er et fordrag som er en salig blanding av rettvinklede trekanter, bilkj\u00f8ring, popmusikk, sinusb\u00f8lger, drivhuseffekten, g\u00e5ing og kloakk. Med andre ord, her er det mye \u00e5 ta av og noe du ikke vil g\u00e5 glipp av!<\/p>\n","protected":false},"excerpt":{"rendered":"<p>CAPGEMINI Dato: Fredag 13. februar Tid: 18:00 Sted: Revyscenen Fri inngang \u00a0 Fredag 13. februar kl. 1800 kommer to representanter fra Capgemini, et av verdens ledende Consulting-, IT-og Outsourcing-selskaper, for \u00e5 holde foredrag under Teknisk-Matematisk Aften. Her vil de g\u00e5 litt dypere inn i hva organisasjonen Capgemini er og hva de driver med samt at&#8230;  <a class=\"excerpt-read-more\" href=\"https:\/\/blindernuka.no\/2015\/foredrag\/\" title=\"Read Foredrag\">Les mer &raquo;<\/a><\/p>\n","protected":false},"author":2,"featured_media":0,"parent":0,"menu_order":0,"comment_status":"closed","ping_status":"open","template":"","meta":[],"_links":{"self":[{"href":"https:\/\/blindernuka.no\/2015\/wp-json\/wp\/v2\/pages\/831"}],"collection":[{"href":"https:\/\/blindernuka.no\/2015\/wp-json\/wp\/v2\/pages"}],"about":[{"href":"https:\/\/blindernuka.no\/2015\/wp-json\/wp\/v2\/types\/page"}],"author":[{"embeddable":true,"href":"https:\/\/blindernuka.no\/2015\/wp-json\/wp\/v2\/users\/2"}],"replies":[{"embeddable":true,"href":"https:\/\/blindernuka.no\/2015\/wp-json\/wp\/v2\/comments?post=831"}],"version-history":[{"count":2,"href":"https:\/\/blindernuka.no\/2015\/wp-json\/wp\/v2\/pages\/831\/revisions"}],"predecessor-version":[{"id":835,"href":"https:\/\/blindernuka.no\/2015\/wp-json\/wp\/v2\/pages\/831\/revisions\/835"}],"wp:attachment":[{"href":"https:\/\/blindernuka.no\/2015\/wp-json\/wp\/v2\/media?parent=831"}],"curies":[{"name":"wp","href":"https:\/\/api.w.org\/{rel}","templated":true}]}}