{"id":37,"date":"2019-01-07T00:15:06","date_gmt":"2019-01-06T23:15:06","guid":{"rendered":"http:\/\/localhost\/?page_id=37"},"modified":"2019-02-02T19:45:04","modified_gmt":"2019-02-02T18:45:04","slug":"blindernrevyen","status":"publish","type":"page","link":"https:\/\/blindernuka.no\/2019\/blindernrevyen\/","title":{"rendered":"Blindernrevyen"},"content":{"rendered":"<p>Blindernrevyen &#8220;Hvem tror du at du er?&#8221;<\/p>\n<p>Jubileumsrevyen har f\u00e5tt temaet \u201cidentitet\u201d, og vi tror vi treffer spikeren p\u00e5 hodet med navnet \u201cHvem tror du at du er?\u201d.<\/p>\n<p>Vi utforsker et tema som er sv\u00e6rt aktuelt i dagens samfunn med store debatter rundt etnisitet og rase, kj\u00f8nn, seksualitet, identitet p\u00e5 nett og alt som dreier seg om \u201cselvet\u201d. Vi er \u201c110 % oss selv\u201d, men hvem er vi egentlig?<\/p>\n<p>Er du mann eller kvinne? Hvilken etnisitet har du? Hva studerer du? Svarene p\u00e5 mange sp\u00f8rsm\u00e5l har mye \u00e5 si for hvordan vi definerer v\u00e5r egen og andres identitet, og idag er det utrolig mye fokus p\u00e5 hvem vi er og hvorfor vi er s\u00e5nn. Hvem er du bak masken du lager p\u00e5 sosiale media? Hvem er du n\u00e5r du m\u00f8ter svigerforeldrene dine? Hvem er du n\u00e5r du skal v\u00e6re politiker?<\/p>\n<p>Vi gir deg ikke svar p\u00e5 dine eksistensielle sp\u00f8rsm\u00e5l om identitet og livet, men vi skal underholde deg med en knakende morsom og god revy!<\/p>\n<p>Sikre deg billetter til revyen n\u00e5!<\/p>\n<h2>Historie bak Blindernrevyen<\/h2>\n\n\n<p>\u201cBlindernrevyen 1932\u201d sparket igang det som skulle bli en lang tradisjon p\u00e5 Blindern Studenterhjem.<\/p>\n\n\n\n<p>\u201cVi er p\u00e5 trappene\u201d i 1939 var den siste revyen f\u00f8r tyske soldater okkuperte studenterhjemmet i forbindelse med 2. verdenskrig.<\/p>\n\n\n\n<p>I 1950 var f\u00f8rste revyoppsetning etter krigens slutt, og siden har revyen blitt satt opp annethvert \u00e5r.<\/p>\n\n\n\n<p>I 1976 flyttet f\u00f8rste Blindernpige inn p\u00e5 Bruket, og sp\u00f8rsm\u00e5let om \u00e5 inkludere pigene i revyen dukket opp. <\/p>\n\n\n\n<p>I 1981 fikk revystyret sine f\u00f8rste kvinnelige medlemmer: Birgit L\u00f8yland og Mette Mogstad.<\/p>\n\n\n\n<p>Som en del av den f\u00f8rste UKA p\u00e5 Blindern ble revy nr. 32 satt opp i 2003: \u201cD\u00f8den holder lupen \u2013 mens liket passerer revy\u201d.<\/p>\n\n\n\n<p>Under UKA p\u00e5 Blindern 2019 feirer vi Blindernrevyens 40 \u00e5rs-jubileum! \u00abHvem tror du at du er?\u00bb<\/p>\n\n\n\n<p>Funfacts om UKA p\u00e5 Blindern og Blindernrevyen:<\/p>\n\n\n\n<ul><li>Under Blindernrevyens Urpremiere i 1979 var dav\u00e6rende kronprins Harald og kronprinsesse Sonja blant gjestene. <\/li><li>Undern Blindernrevyens Urpremiere i 2013 var Oslos ordf\u00f8rer Fabian Stang blant gjestene.<\/li><li>Blindernhistoriens korteste revynavn: \u201cHairlig\u201d, 1971. <\/li><li>Blindernhistoriens lengste revynavn: \u201c\u201dSludd i luften\u201d \u2013 sa Tora Parsberg til Magnus Falsen idet de strevde seg over Gr\u00f8nlandsisen p\u00e5 et par ski\u201d, 1967. <\/li><li>Kjente band og artister som har bes\u00f8kt UKA p\u00e5 Blindern: Klovner i Kamp, Datarock, Surferosa, Jaa9 og OnklP, Oslo Ess, Glittertind. <\/li><li>Kjente instrukt\u00f8rer og tidligere beboere som har medvirket i Blindernrevyen: Per Asplin, Ole Paus, H\u00e5vard Lilleheie, Solveig Kloppen og Arne Torp.<\/li><\/ul>\n","protected":false},"excerpt":{"rendered":"<p> [&hellip;]<\/p>\n","protected":false},"author":1,"featured_media":0,"parent":0,"menu_order":0,"comment_status":"closed","ping_status":"closed","template":"","meta":[],"_links":{"self":[{"href":"https:\/\/blindernuka.no\/2019\/wp-json\/wp\/v2\/pages\/37"}],"collection":[{"href":"https:\/\/blindernuka.no\/2019\/wp-json\/wp\/v2\/pages"}],"about":[{"href":"https:\/\/blindernuka.no\/2019\/wp-json\/wp\/v2\/types\/page"}],"author":[{"embeddable":true,"href":"https:\/\/blindernuka.no\/2019\/wp-json\/wp\/v2\/users\/1"}],"replies":[{"embeddable":true,"href":"https:\/\/blindernuka.no\/2019\/wp-json\/wp\/v2\/comments?post=37"}],"version-history":[{"count":3,"href":"https:\/\/blindernuka.no\/2019\/wp-json\/wp\/v2\/pages\/37\/revisions"}],"predecessor-version":[{"id":198,"href":"https:\/\/blindernuka.no\/2019\/wp-json\/wp\/v2\/pages\/37\/revisions\/198"}],"wp:attachment":[{"href":"https:\/\/blindernuka.no\/2019\/wp-json\/wp\/v2\/media?parent=37"}],"curies":[{"name":"wp","href":"https:\/\/api.w.org\/{rel}","templated":true}]}}