{"id":45,"date":"2019-01-07T00:16:47","date_gmt":"2019-01-06T23:16:47","guid":{"rendered":"http:\/\/localhost\/?page_id=45"},"modified":"2019-01-07T00:16:47","modified_gmt":"2019-01-06T23:16:47","slug":"ukesjefens-hilsen","status":"publish","type":"page","link":"https:\/\/blindernuka.no\/2019\/ukesjefens-hilsen\/","title":{"rendered":"UKEsjefens hilsen"},"content":{"rendered":"\n<p>Velkommen til UKA p\u00e5 Blindern 2019!<\/p>\n\n\n\n<p>Onsdag 30. januar \u00e5pner studenterhjemmet sine d\u00f8rer for alle studenter, og UKEstyret \u00f8nsker velkommen til 10 dager med revy, konserter og mye mer! Det er to \u00e5r siden sist UKA p\u00e5 Blindern ble arrangert, og n\u00e5 er det endelig p\u00e5 tide igjen. Jeg vet at de som har deltatt p\u00e5 tidligere UKER gleder seg masse til \u00e5 komme tilbake, og til de som opplever den for f\u00f8rste gang: bli med p\u00e5 s\u00e5 mye som mulig! Dette er to ekstremt morsomme uker som gj\u00f8r studenttilv\u00e6relsen noe helt utenom det vanlige. \u201cHvem tror du at du er?\u201d er tittelen p\u00e5 \u00e5rets revy, og den dreier seg dermed om identitet. N\u00e5 er det 87 \u00e5r siden vi startet med Blindernrevyen, og i \u00e5r settes den opp for den 40. gang!<\/p>\n\n\n\n<p>UKA p\u00e5 Blindern muliggj\u00f8res av st\u00f8tteordninger, sponsorer, gode hjelpere og en imponerende dugnadsinnsats fra de 220 beboerne p\u00e5 Blindern Studenterhjem, samt gamle beboere og frivillige fra Oslos \u00f8vrige studenter. I beboermassen finnes representanter fra omtrent alle utdanningsinstitusjoner i Oslo, og denne sammensetningen av kreative, tekniske, praktiske, faglige og festlige sjeler gj\u00f8r UKA p\u00e5 Blindern til noe helt spesielt. Det ligger utallige timer bak, og forberedelsene snur hele studenterhjemmet p\u00e5 hodet. Tre scener skal bygges, fem barer skal settes i stand, rekvisitter skal snekres, kostymer sys, dekor skal p\u00e5 plass, garderobe rigges og mye, mye mer. Blindern studenterhjems beboere er med dette klare til \u00e5 ta imot engasjerte og lystne festivalgjengere og vise frem alt vi har \u00e5 by p\u00e5. P\u00e5 hovedscenen, UKA Spektrum, er forholdene tilrettelagt for minneverdige konsertopplevelser til studentvennlige priser. I den brune puben Ulka blir det intimkonserter og trubadurutfoldelse, og Bistro bar kan friste med pizza til en sulten festivalgjenger for en billig penge. En tur p\u00e5 unisex-toalettet i kjelleren er en opplevelse i seg selv, og som mye annet er det gratis inngang! Mellom fredede pissoarer fra 20-tallet st\u00e5r det et piano som ypper til allsang og s\u00e6rdeles god stemning.<\/p>\n\n\n\n<p>Her er vi klare til \u00e5 gi deg den gode UKEstemningen, og vise hva Blindern Studenterhjem kan tilby; nemlig en av Oslos mest minneverdige og kulturrike studentfestivaler noensinne. Vi h\u00e5per du f\u00e5r et fortreffelig festivalopphold her hos oss, og husk; Borte Bra, Blindern Best!<\/p>\n\n\n\n<p>P\u00e5 vegne av hele UKEorganisasjonen vil jeg \u00f8nske hjertelig velkommen til UKA p\u00e5 Blindern 2019!<\/p>\n\n\n\n<p>Med vennlig UKEhilsen<br>Erlend Andersen Kinn<br>UKEsjef, UKA p\u00e5 Blindern 2019<\/p>\n","protected":false},"excerpt":{"rendered":"<p> [&hellip;]<\/p>\n","protected":false},"author":1,"featured_media":0,"parent":0,"menu_order":0,"comment_status":"closed","ping_status":"closed","template":"","meta":[],"_links":{"self":[{"href":"https:\/\/blindernuka.no\/2019\/wp-json\/wp\/v2\/pages\/45"}],"collection":[{"href":"https:\/\/blindernuka.no\/2019\/wp-json\/wp\/v2\/pages"}],"about":[{"href":"https:\/\/blindernuka.no\/2019\/wp-json\/wp\/v2\/types\/page"}],"author":[{"embeddable":true,"href":"https:\/\/blindernuka.no\/2019\/wp-json\/wp\/v2\/users\/1"}],"replies":[{"embeddable":true,"href":"https:\/\/blindernuka.no\/2019\/wp-json\/wp\/v2\/comments?post=45"}],"version-history":[{"count":1,"href":"https:\/\/blindernuka.no\/2019\/wp-json\/wp\/v2\/pages\/45\/revisions"}],"predecessor-version":[{"id":46,"href":"https:\/\/blindernuka.no\/2019\/wp-json\/wp\/v2\/pages\/45\/revisions\/46"}],"wp:attachment":[{"href":"https:\/\/blindernuka.no\/2019\/wp-json\/wp\/v2\/media?parent=45"}],"curies":[{"name":"wp","href":"https:\/\/api.w.org\/{rel}","templated":true}]}}